x - 7 = -32. What is the remainder when x is divided by g?
1
Suppose 4*z + 2*f = 0, 0*f - 13 = -5*z + 4*f. Suppose 2*d = -3 + 23. Let v = d + z. What is the remainder when 30 is divided by v?
8
Let a = 127 - 111. What is the remainder when 17 is divided by a?
1
Suppose k - 3612 = -3*k - 2*r, -5*r = 0. Let f = -1596 + k. What is the remainder when ((-8)/3)/(22/f) is divided by 29?
26
Let u(i) = i**3 - 30*i**2 + 67*i - 4. What is the remainder when u(28) is divided by 80?
64
Suppose -41*h + 601 - 27 = 0. What is the remainder when 300 is divided by h?
6
Let l(z) = 18*z - 8. Let t be l(4). Let s = 135 - t. Calculate the remainder when s is divided by 36.
35
Let o(j) = 15*j**3 - 2*j**2 + 1. Suppose 10 = -0*t + 5*t. Let s = t - -6. Calculate the remainder when o(1) is divided by s.
6
Let b be 9/(-2) + 1/2. Calculate the remainder when 5 is divided by b*(5 - 1)/(-4).
1
Let z(p) = 3*p - 10. Let j be z(5). Suppose g - 4*o + 11 = 0, -5*g + 4*g + j*o - 15 = 0. What is the remainder when 19 is divided by g?
4
Let g = -580 + 587. Calculate the remainder when 11 is divided by g.
4
Let r = 749 + -706. Let b(x) be the second derivative of 11*x**5/10 - x**4/12 + x**2/2 - 2*x. Calculate the remainder when r is divided by b(1).
21
Suppose z + 72 = -4*j, -3*j + 0*j + 107 = -z. Let x = 66 + z. Let q = -14 - x. Calculate the remainder when 23 is divided by q.
11
Suppose 3*x = -3*z + 48, 3*z - 14 - 19 = 2*x. Calculate the remainder when 101 is divided by z.
10
Let x be 66/8 - 3/12. Let n = -15 - -48. Calculate the remainder when n is divided by 26/2 - (x - 4).
6
Let i(y) = -y**2 + 20*y - 64. Let t be i(13). Let q = 18 + t. What is the remainder when q is divided by 16?
13
Let p = -1154 + 1641. Calculate the remainder when p is divided by 13.
6
Let g = 436 + -408. Calculate the remainder when 43 is divided by g.
15
Let a = 214 + -211. Calculate the remainder when 6 is divided by a.
0
Calculate the remainder when 64 is divided by -5*((-22)/8)/((-30)/(-24)).
9
Let k = -587 + 734. What is the remainder when k is divided by 45?
12
Suppose -282 = 208*m - 255*m. Calculate the remainder when 40 is divided by m.
4
Let o be 96/15*(-30)/(-4). Let r = o + -18. Suppose -7*b + 1547 = 6*b. What is the remainder when b is divided by r?
29
Suppose -4*y = -4*k - 140, -2*k = 2*y + 3*k - 56. Suppose -6*s + 1344 = 360. Calculate the remainder when s is divided by y.
32
Suppose 3*x + y = -0*x + 39, -3*y - 13 = -x. What is the remainder when 62 is divided by x?
10
Let q(z) = -z - 4. Let a be q(-7). Suppose -4*d = -3*o - 0*d + 26, -29 = -a*o + d. Calculate the remainder when 39 is divided by o.
9
Let l = -15 - 15. Let h = -3 - l. Suppose n - 2*g - h = 0, 0 = n + 2*g - 14 - 5. What is the remainder when 67 is divided by n?
21
Let o(r) = r**2 - 2*r + 3. Suppose -4*m + 48 = 2*t, -t - 84 = -4*t - 3*m. Let v = 74 - t. What is the remainder when v is divided by o(4)?
9
Let d(l) = 5*l**2 - 10*l - 15. Let h(t) = 14*t**2 - 29*t - 44. Let v(s) = 17*d(s) - 6*h(s). What is the remainder when 2/(-7) - 3636/(-84) is divided by v(-4)?
7
Let b(f) = 5*f**2 - 24*f + 73. What is the remainder when b(4) is divided by 19?
0
Suppose -34*p - 221 = -799. Calculate the remainder when 627 is divided by p.
15
Let j be (0 + 7)*8*(-9)/(-504). Calculate the remainder when 10*j*270/36 is divided by 16.
11
Let u = -5 - -22. Let t be ((-1)/2)/((-2)/(-16)). Calculate the remainder when u is divided by 9 + (-2)/t*-6.
5
Let o = 190 - 138. What is the remainder when o is divided by 17?
1
Let t = -455 + 565. Calculate the remainder when t is divided by 21.
5
Suppose m - 47 - 48 = -3*j, -j - 2*m = -30. What is the remainder when j is divided by 21?
11
Let t be (0/(1 - -1))/2. Suppose t = -3*w - c - c, -3*w = 4*c. Suppose 4*j + 77 - 209 = w. What is the remainder when j is divided by 12?
9
Let o(w) = -5*w. Let d be o(-6). Suppose 4*z = h - d, -2*z + 4*z - 70 = -2*h. Calculate the remainder when 65 is divided by h.
31
Let u = 15 + -10. Suppose -2*h + u + 1 = 0. Calculate the remainder when 5/((-20)/(-12)) + 0 is divided by h.
0
Let r = -366 - -527. What is the remainder when r is divided by 30?
11
Let n = 18 + -6. Let i(f) = 2*f**2 - 2*f - 3. Let s(l) = l**2 - 9*l + 12. Let c be s(8). Calculate the remainder when i(c) is divided by n.
9
Suppose 4*h - 4 = 0, 4*n - n + 2*h = 29. Let x = 3 + 9. What is the remainder when (2 - x*4)/(-2) is divided by n?
5
Let n = 637 - 591. Calculate the remainder when 62 is divided by n.
16
Let u(k) = 2*k**2 - 40*k - 151. What is the remainder when u(25) is divided by 26?
21
Let h = -1976 + 2400. Calculate the remainder when h is divided by 17.
16
Let w = -103 + 30. Let h = w - -128. Calculate the remainder when h is divided by 30.
25
Let y(a) = -4*a**3 - a**2 + 2*a + 3. Let x be y(-1). Suppose -17*p + x*p = -104. Calculate the remainder when (-1)/((-60)/(-62) + -1) is divided by p.
7
Let p = -37 - 53. Let y be (p/(-21))/(2/28). Suppose 5*f - y = f. What is the remainder when 27 is divided by f?
12
Suppose -5*j - 36 = 4. Let z = j - -17. Calculate the remainder when (-652)/(-18) - 2/z is divided by 19.
17
Let w(t) = -2*t + 16. Let d be w(-13). Suppose 0 = -4*n - 3*c - 67 - d, -n - 3*c = 25. Calculate the remainder when 46 is divided by -2 + 0 - (n + 10).
14
Let l(v) = 4*v + 41. Let r be l(-10). Suppose x = 4, 3*u - 3*x + 342 = -318. What is the remainder when (u/20)/(r/(-5)) is divided by 14?
12
Let t(y) = -3*y**3 + y - 10. What is the remainder when t(-4) is divided by 61?
56
Let h(r) be the first derivative of 13*r**2/2 + 2*r - 8. Calculate the remainder when h(4) is divided by 30.
24
Let y(i) = -i**3 - 3*i**2 + 3*i + 3. Let m be y(-4). Let k(b) = 2*b**2 - 4*b - 3. Calculate the remainder when k(m) is divided by 14 + 3/(-9)*0/3.
11
Let t = 777 + -763. Let c = -2 - -42. What is the remainder when c is divided by t?
12
Suppose -87*w - 255 = -104*w. Suppose 0 = -3*o - 4*y + 2 - 4, 5*o + 4*y = 10. Suppose -5*k = -o*k + w. Calculate the remainder when 57 is divided by k.
12
Let b(n) = n + 2. Let r be b(-2). Suppose -5*w - 2*j = 2*j - 525, 3*w + 2*j - 315 = r. What is the remainder when w is divided by 18?
15
Let r(t) = t - 1. Let h(y) = -4*y + 7. Let l(c) = h(c) + 6*r(c). Calculate the remainder when 36 is divided by l(6).
10
Suppose 5*x + k - 6 = -2*k, 4*k = -4*x. Let p = -3724 + 3747. What is the remainder when p is divided by ((-1)/x)/((-2)/78)?
10
Let h(g) = -g**3 - 35*g**2 - 100*g + 27. What is the remainder when h(-32) is divided by 30?
5
Suppose 0 = p - 5*f + 2*f + 2, 2*f = 3*p - 15. Let g = -15 - -27. What is the remainder when g is divided by p?
5
Suppose -44*j + 1938 = -10*j. What is the remainder when j is divided by 29?
28
Suppose -71 = 10*k - 721. Calculate the remainder when k is divided by 25.
15
Suppose -4*s - 19 = -5*v, 2*s = 26*v - 22*v - 14. Calculate the remainder when 23 is divided by v.
2
Suppose l + 2*l = -h + 99, -552 = -5*h + 4*l. Calculate the remainder when h is divided by 14.
10
Let m(z) = 10*z**2 - 1. Let y be m(2). Suppose -j + 6 = -y. Let d = -28 + j. What is the remainder when d is divided by 5?
2
Suppose -6*f + 123 + 231 = 0. What is the remainder when 183 is divided by f?
6
Let x(m) = -m**3 + 6*m**2 - 12*m + 20. Let q be x(6). Let a = q - -78. What is the remainder when a is divided by 9?
8
Let z(c) = c**3 + 10*c**2 - 10*c - 6. Suppose -32 = 4*v - 0. Let r be z(v). Let l = -56 + r. What is the remainder when l is divided by 37?
35
Suppose -5*j + 50 = -0*j. What is the remainder when (2 + (-4)/j)/(2/70) is divided by 15?
11
Suppose -8*d + 3*d - 25 = 0. Let i(p) = -p**2 - p + 6. Let a be i(d). Let t = a - -31. What is the remainder when t is divided by 9?
8
Suppose 0 = -40*i + 27*i + 195. Calculate the remainder when 239 is divided by i.
14
Let w(r) = 62*r - 11. Calculate the remainder when w(3) is divided by 12/6 + 1*42.
43
Suppose 87 = -3*z + 6*z. Suppose -3*g - 1 = -p - 3, 2*p = -3*g - 4. Suppose g*x = 2*x - 16. What is the remainder when z is divided by x?
5
Calculate the remainder when 167 is divided by 38/4*(-66)/(-33).
15
Let w = 16 + -13. Calculate the remainder when 64 is divided by w*3/(-27)*-66.
20
Let m be (-18)/(-27) + (-79)/(-3). Suppose -2*r + 3*h = -m, -4*r + 6*r = 4*h + 32. What is the remainder when 22 is divided by r?
4
Suppose 11 - 130 = -7*a. S